 Let f(b) = -2*c(b) - 5*k(b). Let w = -13 + 6. Calculate f(w).
-14
Suppose -3*p + 5*m + 91 = 0, -5*m = 6*p - 4*p - 19. Suppose -33*y - 33 = -p*y. Let n(h) = -h**3 - h**2 + 2*h + 3. Calculate n(y).
15
Let i(o) = -o**3 - 18*o**2 + o + 30. Let a(r) = -r**3 - 19*r**2 + r + 32. Let u(c) = 5*a(c) - 6*i(c). Give u(-13).
-7
Suppose -6*m = -4*m - 16. Suppose m*s = 11*s - 6. Let g(l) = -6*l**2 - 3*l**s - 2*l**3 + 2*l**2 + l**3 - 2*l + 4. Calculate g(-6).
-20
Let b(n) = 44*n + 72*n - 132*n + 32. Calculate b(6).
-64
Let t(i) = -16*i**2 + i - 1. Suppose 3*y - 3*d - 1086 = 0, -4*y + 13*d + 1424 = 17*d. Suppose -y*a = -366*a + 7. Determine t(a).
-16
Let x(q) be the third derivative of q**4/8 - 8*q**3/3 - 1255*q**2. What is x(8)?
8
Suppose 38 = -6*a + 68. Let x(s) = -2 - a + 3*s - 4 + s**2 + 14. Suppose 2 = -b - 1. Determine x(b).
3
Let m(h) = 2 + 2*h**3 - 28 - 6*h + 24*h + 13*h**2. Let j(l) = l**3 + 7*l**2 + 8*l - 13. Let w(b) = -9*j(b) + 4*m(b). What is w(-11)?
13
Let x(i) be the first derivative of i**3/3 - 4*i**2 + 4*i + 23. Suppose -3*h + 15 = -v, -h + 2*v - 4*v = -5. Give x(h).
-11
Let p(g) = -20*g + 5. Let d(t) = -t**3 - 7*t**2 + 26*t + 33. Let o be d(-1). Give p(o).
-15
Suppose -14 = -3*j + 5*y, 0 = j + 156*y - 159*y + 2. Let c(p) = -1 + 12 - p + 6. Give c(j).
4
Suppose -5*t - 11*q + 6*q - 35 = 0, 44 = -2*t + 4*q. Let z(c) = -4*c + 6. Determine z(t).
54
Suppose 9*b = 8*b + 1. Let f(c) be the first derivative of c**4/2 + c**2/2 - 750. What is f(b)?
3
Let i(o) be the second derivative of -o**5/20 - o**4/6 + 3*o**3/2 + 4*o**2 - 12*o - 1. Let l be i(-4). Let z(b) = -4*b + 2*b + 0*b - 4 - b**2. Calculate z(l).
-28
Let f be 16/(-14) - (-132)/42. Let v(k) = 5*k - f*k - 25 + 24. Let c(h) = h. Let w be c(2). What is v(w)?
5
Let c be 105/10*12/18. Let y(x) = -77*x**2 + 36*x**2 + 31*x**2 + 0*x**3 + x**3 - c. Give y(10).
-7
Let y be (-330)/(-35) + 96/168. Let s(i) = i**2 - 14*i + 12. Calculate s(y).
-28
Let q be -3 - (-5 + -4 + 4). Let j(r) be the first derivative of 19 - 92*r**2 + 2*r - 4*r + 90*r**q. Determine j(-3).
10
Let s(f) = -13*f - 1. Let h be (-14)/4*104/182. Calculate s(h).
25
Let z(n) = -3*n**2 - 24*n + 56. Let u(s) = -s**2 - 7*s + 18. Let y(d) = -7*u(d) + 2*z(d). What is y(3)?
-2
Let l(y) = 6*y + 29. Suppose 4*f + 440 = 4*n, 4*n - 299 = 3*f + 27. Let h = f + 109. Let p be l(h). Let t(b) = 8*b**3 - b**2. Calculate t(p).
-9
Suppose 0 = 5*m - 39 - 6. Let k(p) = m*p - 4*p**2 - 10*p + p. Let f be (77/(-11) - -4) + 1 + 1. Determine k(f).
-4
Let s be 4 - 50/13 - 558/78. Let r(q) = -5*q - 2. Let g(f) = -f + 325 - 164 - 10*f - 165. Let h(u) = -4*g(u) + 9*r(u). Determine h(s).
5
Let c(x) be the second derivative of 1/2*x**3 - 1/4*x**4 - 1/20*x**5 - 6*x + 9 - 2*x**2. What is c(-4)?
0
Let n(z) = 477*z - 12 - 2*z**2 + 490*z - 1435*z + 478*z. Determine n(2).
0
Let k(q) be the first derivative of 6 + 5/6*q**3 - 1/20*q**5 - 1/2*q**4 - 7/2*q**2 + 2*q. Let g(j) be the first derivative of k(j). Determine g(-7).
7
Let q(c) = 2*c + 5. Let y(u) = -u**2 - 4*u + 8. Let r be y(-5). Let x(z) = -5 + 4*z**2 + 4*z - 22*z - r*z**2 - 42. Let j be x(20). What is q(j)?
-9
Let m(c) = -77*c - 84*c - 1 - c**2 - 1 + 164*c. Let y(j) = -53*j - 1. Let g be y(1). Let b = -48 - g. Give m(b).
-20
Suppose 5 = -3*d + 8. Let p(g) = -d - 11*g - 2*g + 2*g + 11*g + 3*g. What is p(-3)?
-10
Let t(g) = -5*g - 13. Let v(b) = -4*b - 17. Let h be v(-14). Suppose -3*p - 3*i - h = 0, -2*p + 0*p + i = 14. Determine t(p).
32
Let o(d) be the second derivative of d**2 - 1/12*d**4 + 0 - 1/2*d**3 + 22*d. Give o(-5).
-8
Let p(v) = -v + 1. Let j(r) = -2*r**2 - r - 7. Let y(l) = j(l) + 4*p(l). Suppose -5*i + 210*a - 64 = 207*a, 16*i = -2*a - 54. Calculate y(i).
-28
Suppose 18*z - 8*z = -100. Let r be (z - -19)*(-1)/3. Let g(q) = -4*q - 6. What is g(r)?
6
Let c be (-1786)/(-133) - ((-16)/14)/2. Let t(r) = 19*r - 272. Give t(c).
-6
Suppose 0 = 5*q - 0*q - 20. Suppose 0 = q*t - 0*t + 16. Let j(m) = 3*m - 1. Let h(r) = -3*r + 1. Let x(g) = t*j(g) - 3*h(g). Determine x(1).
-2
Suppose -3*v - 24 = -7*v + 4*y, 3*v - y = 10. Let m be v + 1 - (2 - 0). Let q be (1/(2 - 1))/(0 - m). Let k(c) = c**3 - c**2 - c. Calculate k(q).
-1
Let o(i) = -296*i - 3. Let a be o(-1). Suppose n = -5*j + 367, 6*j - 2*j = -n + a. Let d(y) = y**2 + 72*y + 1 + 1 - j*y + 0. Give d(3).
5
Let x(p) = 12 + 47*p**2 - 4*p + 51*p**2 + 41*p**2 + 44*p**2 - 184*p**2. Calculate x(-7).
-9
Let s(n) be the first derivative of -n**3/3 + 7*n**2/2 + 2*n - 49. Let w(o) = -o**3 - 9*o**2 - 6*o - 48. Let m be w(-9). Give s(m).
8
Let u(z) = 2*z**3 + 3*z**2 - 9*z + 11. Let x be (52/(-39))/(1/3)*1. What is u(x)?
-33
Let z be ((-4)/2)/4 + 6/(-4). Let n(g) = -2*g**2 - 2*g + 3. Let x(t) = -t - 2. Let v(d) = z*x(d) - n(d). Calculate v(-3).
7
Let a(l) = -18948*l + 18940*l + 50 - 40 + l**2. Give a(9).
19
Let r(w) be the first derivative of 2*w**3/3 + 5*w**2/2 - 7*w - 398. Give r(-6).
35
Let a = 6015 - 6013. Let t(q) = -12*q + 17. Determine t(a).
-7
Suppose 192 = -47*a - a. Let w(k) be the first derivative of -1/4*k**4 - 4*k - 3 - 4/3*k**3 + 3/2*k**2. Calculate w(a).
-16
Let x(n) = 7*n + 0 - 9*n - 11. Let f(h) = -h**2 - 4*h + 4. Let w be f(2). Calculate x(w).
5
Suppose -6*b - 173 = -19 - 64. Let i(w) = w**3 + 6*w**2 + 2*w + 4. Let j be i(-5). Let k = j + b. Let x(f) = f**2 - 4*f + 6. Calculate x(k).
6
Let w(i) be the first derivative of -21*i**2/2 - 7*i + 7623. Determine w(3).
-70
Suppose 1 - 13 = -4*u. Let a(p) = -4 + 2*p + 2*p**2 + 13*p**2 - 18*p**2 - p**3 + 2*p**3. Let j be a(u). Let h(w) = -w**3 + w**2 + 2*w - 2. Calculate h(j).
-2
Let a(j) = -8*j - 1. Let y(p) = p**3 - 7*p**2 - 23*p - 16. Let k(h) = -3*a(h) + y(h). Determine k(7).
-6
Let k(x) = -2*x + 22. Let r(o) = 155*o - 637. Let m be r(4). What is k(m)?
56
Let o(x) = x**3 - 3*x**2 - 46*x + 180. Let h be o(5). Let s(n) be the third derivative of h*n**5 + 1/24*n**4 - 7*n**2 + 0 + 1/60*n**6 + 0*n**3 + 0*n. Give s(1).
3
Let z(m) = -7*m**2 + 15*m + 37. Let g(q) = 3*q**2 - 7*q - 15. Let x(p) = -5*g(p) - 2*z(p). Let t = -12 + 2. Let o(r) = -r - 5. Let n be o(t). What is x(n)?
1
Let t(f) be the first derivative of -f**4/4 - 17*f**3/3 - 10*f**2 - 68*f + 5896. Give t(-16).
-4
Let c be (4 - 1)*(-2)/(-3). Let s(d) = 3 - 2 - 3 - d**c - 5*d + 4. Suppose -4 = -2*r, o - 4*r = -3*r - 7. What is s(o)?
2
Let a(z) = -5*z - 1. Let g(u) = 7*u + 1. Suppose 14 = 12*d - 5*d. Let b(c) = d*g(c) + 3*a(c). What is b(-9)?
8
Let f be 7650/459 - (-14)/6. Let m(z) = z**2 - 18*z - 15. Give m(f).
4
Let v(c) be the second derivative of -11*c**4/12 - c**3/6 + 3*c**2 + c + 90. Determine v(4).
-174
Let a(s) = 2*s**2 - s**2 + 2*s + 3*s + 7. Let x = 8830 + -8835. What is a(x)?
7
Let b(v) = 297*v + 4 + 296*v + 30 - 592*v. Determine b(-9).
25
Let r(n) be the third derivative of -n**4/8 + 3*n**3/2 + 2*n**2. Let y(b) = -11*b**2 - b**3 - 19*b**2 - b - 18*b**2 + 52*b**2. Let v be y(3). Give r(v).
-9
Let m(s) = s**2 - 6*s + 6. Let z(c) = 8*c - 188. Let b be z(27). Suppose -l - w = -7, l - b*w = -23*w - 11. Calculate m(l).
-2
Let m(f) = -2055*f - 16439. Let v be m(-8). Let r(o) = -1 + 2*o + 19*o**2 + 0 + 0*o. Calculate r(v).
20
Let n(l) = 7*l - 6. Suppose 16 = 64*k + 144. What is n(k)?
-20
Suppose -2*w - 4 = -4*f, -4*w + 6 = f - 13. Let b(z) = -3 - f + 2 - z. Let g be 2464/(-77) + (9 - -16). Determine b(g).
3
Let y(t) = -773*t**2 + 411*t**2 - 48 + 363*t**2 + 3*t - 6*t - 41. Give y(-8).
-1
Let j(n) = -468*n + 41 - 6*n**2 + 942*n - 470*n - 3*n**3 + 2*n**3. Let t be j(-5). Let y(h) = -2*h**3 - 7*h**2 - 3*h + 4. Determine y(t).
32
Let s(d) = 17*d**2 - 3*d + 31. Let a(v) = -25*v**2 + 3*v - 30. Let r(t) = 2*a(t) + 3*s(t). Calculate r(0).
33
Suppose 3*n = -5*u + 672, -5*n = u - 0*n - 130. Let o = u - 132. Let b(a) = 1 - 5 + 5*a + a**2 - o - 12*a. Give b(9).
11
Let g(m) = 2*m**2 - 14*m - 27. Suppose -u - h = -10, u - 37*h - 4 = -32*h. Give g(u).
9
Let s(t) = t**3 - 11*t**2 - 12*t - 8. Suppose 0 = -4*c - 19*v + 23*v + 348, -258 = -3*c + 2*v. Suppose c*d - 48 = 80*d. Determine s(d).
-8
Suppose 5*f - 102 = 23*f + 420. Let q(k) = 2*k**2 + 59*k + 15. What is q(f)?
-14
Let l(r) = -2*r**3 + 22*r**2 + 25*r - 11. Suppose -6*c = -9*c - 2*p + 24, 4*c + 3*p = 30. Determine l(c).
1
Let f(q) = -80*q + 44. Let a(u) = -75*u + 41. Let c(g) = -11*a(g) + 10*f(g). What is c(-5)?
-136
Let m(u